of a?
4
Let y(i) = i**3 - 14*i**2 + 13*i + 5. Let b be y(13). Let c = 31 - 29. Suppose -3*u = b*h - 3 - 7, 0 = -c*h - 4*u + 4. What is the units digit of h?
2
Suppose -x - 2*y + 876 = 3*x, 3*x - 647 = y. Let g = x - 103. What is the tens digit of g?
1
Let j(f) = f**2 - 8*f - 2 - 9 + 11*f**3 - 5*f**2 - 10*f**3. Let p be j(7). Suppose -8 = 3*t - p. What is the units digit of t?
4
Let o(y) = -2*y**3 - 3*y**2 + 2. Let f(j) = -j - 16. Let a be f(-10). Let x be (3 + a)/((-3)/(-2)). What is the units digit of o(x)?
6
Let j = 842 + -530. What is the hundreds digit of j?
3
Suppose 2*x = -y + 13, -x + 6*x = -5*y + 40. Suppose -2*k - 2*b + 45 = k, -x*b = -k - 2. What is the tens digit of k?
1
Suppose 2*s = -5*d + 2235, -399 = -s - d + 720. What is the hundreds digit of s?
1
Let u(t) = -t**2 + 9*t + 1. Let c be u(8). Let s = c - 7. Suppose o + 6*f + 6 = 2*f, 5*o + s*f = 24. What is the units digit of o?
6
Let f = 4201 - 2236. What is the thousands digit of f?
1
Let p = 1255 + -755. What is the units digit of p?
0
Let f = 232 - -440. Suppose 7*t - 329 = f. What is the units digit of t?
3
Let y = 500 - 53. What is the tens digit of y?
4
Suppose 2*z + 2*a = -a + 640, -5*z - 5*a = -1600. Suppose 0 = 4*i + z - 920. What is the units digit of i?
0
Let i(c) = -c**3 - 3*c**2 + 3*c + 2. Let t be i(-5). Suppose -5*r + 185 = -3*s, 0 = -5*r + 4*r + 5*s + t. What is the tens digit of r?
3
Let h(t) = 2*t - 1. Let p be h(2). Suppose -y = j + 4*y + 49, -77 = p*j + y. What is the tens digit of 2/(-3) - 1048/j?
4
Let q(a) = a**2 - 4*a + 1. Suppose -37 = 4*m + 2*w - w, 4*m = 2*w - 46. Let n be (-1)/(-3 + m/(-3)). What is the units digit of q(n)?
2
Suppose 3*w - 27 = -6. Let d = w + -4. Suppose -l = -d - 28. What is the units digit of l?
1
Suppose 5*l = 4*d - 877, -d + 226 = -51*l + 52*l. What is the hundreds digit of d?
2
Let a = -736 - -1231. What is the units digit of a?
5
Suppose 5*l = -4*f + 168, -4*l = 2*f - 3*l - 90. Suppose f + 53 = 4*i. What is the tens digit of i?
2
Let i(l) = l**2 - 5*l - 6. Let u(t) = -t. Let p(y) = i(y) - 3*u(y). Let k be p(6). Let z = k - 2. What is the tens digit of z?
1
Let i(z) = z + 54. Let u be i(0). Let b = 21 + u. What is the tens digit of b?
7
Suppose -44*v - 9611 + 67735 = 0. What is the hundreds digit of v?
3
Let a = 215 - -210. What is the hundreds digit of a?
4
Let k(d) = -d**3 + 1 + 3*d**2 - 4 - 3*d + 5. Let p be k(2). What is the units digit of (p - 32/6)*-3?
6
Suppose 6*x = x + 5, -704 = -3*v - 2*x. What is the units digit of v?
4
Let o be 80/15 - (-4)/(-3). What is the tens digit of 1 + (72 - (-1 + o/2))?
7
Let a = -30 + 26. What is the units digit of a*(4 + (-405)/20)?
5
Suppose -5*m - 616 = -3*m. What is the units digit of 3/((-99)/m*(-14)/(-12))?
8
Suppose 5075 + 9048 = 29*d. What is the hundreds digit of d?
4
Let f = 168 - 100. What is the tens digit of (22/(-55))/((-1)/(-5)) + f?
6
What is the thousands digit of 18186/((-6)/(-1)) + -9?
3
Suppose 0 = 2*i + 3*i - 20. Suppose -10 = -3*b + 3*p - 7*p, -20 = -2*b + i*p. Suppose 3*m - b*m = -18. What is the units digit of m?
6
Let p = 9 + -5. Suppose p*q - 5 = 3*q. Suppose 0 = -q*r + 59 + 66. What is the units digit of r?
5
Let y be 3600/165 + (-2)/(-11). Suppose 0 = -5*h - 127 + y. What is the tens digit of ((-160)/(-28))/((-6)/h)?
2
Let a(u) = -7*u - 2. Let d(v) = v - 1. Let c(s) = -a(s) - 5*d(s). Let t be c(4). Suppose -4*i + 10 = -9*q + 4*q, -3*i = -t. What is the units digit of q?
2
Let x = 19 + -19. What is the tens digit of 129 + x - 2/2*0?
2
Let v = 7823 + -3283. What is the tens digit of v?
4
Let t(i) = i. Let p be t(0). Suppose p*x + x - 24 = 0. What is the tens digit of x?
2
Let h = 259 - 159. Let v = h - 65. What is the units digit of v?
5
Let d(q) be the third derivative of -q**7/5040 + q**6/180 - q**5/12 + 2*q**2. Let l(g) be the third derivative of d(g). What is the tens digit of l(-6)?
1
Let k(n) = 426*n - 84. What is the thousands digit of k(3)?
1
Let f = 1891 - 1351. What is the units digit of f?
0
Let p(i) = 2*i**2 - 2*i - 16*i**2 - 3*i + 4*i. Let r be p(-1). What is the units digit of 6/4 - r/26?
2
Let v(i) = -19*i**2 - 2 - 4 - 3*i + 31*i**2 - 4. What is the units digit of v(4)?
0
Let c be (-1143)/63 - 1/(-7). What is the units digit of (-87)/c*8 + 10/(-15)?
8
Let d be (1*(-1)/(-1))/(2/306). Suppose b - 3*o = 11 + d, 4*o + 164 = b. What is the units digit of b?
4
Suppose -5*n + 1290 = 160. What is the hundreds digit of n?
2
Let p = -59 + 47. What is the tens digit of 9*(3/12 + (-13)/p)?
1
Suppose 17*p = 6*p + 13816. What is the hundreds digit of p?
2
Let v = -41 - -39. What is the units digit of (-4450)/(-75) + ((-8)/6)/v?
0
What is the hundreds digit of 4272/21 - (-12)/(-28)?
2
Let g = -318 + 532. Let y = -79 + g. What is the tens digit of y?
3
Let f = -14 + 19. Suppose -747 + 237 = -f*i. Suppose l - j - i = -l, 0 = -j. What is the tens digit of l?
5
Suppose -2*l + 2*x + 1278 = 0, -l - x = -6*l + 3203. What is the units digit of l?
1
Suppose -33*t - 3026 = -20186. What is the units digit of t?
0
Suppose 3*s = -d - 3, 4*d + s - 28 = -3*s. Suppose 0 = 23*o - 21*o. Suppose -4*h + d = -o*h. What is the units digit of h?
3
What is the tens digit of (-6)/(-36) + (-1172)/(-24)?
4
Suppose -2812 - 2504 = -6*w. What is the hundreds digit of w?
8
Let n(f) = 33*f**2 - 1. Let z be n(1). Let s = -25 + z. Suppose 0 = 5*d + 3*j + s, 3*d - 2*j = 7 + 4. What is the units digit of d?
1
Suppose 0 = -4*d - 2*f + 644, -d + 0*f = 3*f - 156. What is the units digit of d?
2
Suppose -3*m - 3*q + 3 = -2*m, 15 = 5*m + 5*q. Let w(u) = 13*u**2 + 3*u**3 - 5 - 2*u**3 - u + m. What is the units digit of w(-13)?
1
Suppose 4*r + 4*x = 5*r - 121, 0 = 5*r - 5*x - 560. Suppose 0 = -5*l + 51 + r. What is the tens digit of l?
3
Let g(f) = f - 3. Let y be g(19). Let x be 3/4 - 1/(-4). Suppose t - y = x. What is the units digit of t?
7
Suppose 33 = 2*m - l, -2*m + 0*l + 31 = l. Suppose -5*p + 64 + m = -5*z, 5*z + 12 = p. What is the tens digit of p?
1
Suppose 0 = -10*a - 711 + 4231. What is the units digit of a?
2
Suppose -5*k + k + 4*v - 36 = 0, -k - 19 = -3*v. Let r(q) = q**2 - 19*q - 3 + 2 + 8*q + 8*q. What is the units digit of r(k)?
7
Suppose 7*q - 6*q = 265. What is the tens digit of q?
6
Let y(w) = 16*w - 8. Let h be y(10). Let b = h - 84. What is the tens digit of b?
6
Let q = 5775 - 2121. What is the hundreds digit of q?
6
Let a(o) = -o**3 - 11*o**2 - o - 5. Let y be a(-11). Let j = -3 + y. Suppose -5*u = 4*w - w - 48, 0 = j*u - 2*w - 44. What is the tens digit of u?
1
Suppose 0 = -32*u - 37 - 123. Let l be (8/10)/((-2)/25). What is the units digit of (-348)/u + l/(-25)?
0
Let p(j) = j**2 - 13*j + 45. Let g be p(7). Suppose -g*k - 4*r = -r - 486, 2*k - 318 = -5*r. What is the hundreds digit of k?
1
Let k = -2551 + 6151. Suppose 16*w - w = k. What is the hundreds digit of w?
2
Let q(f) = -45*f - 21. Let v be q(-4). Suppose -6*d + v + 381 = 0. What is the units digit of d?
0
Let k(m) = m**2 - 3*m + 3. Let u be k(0). Let p be (4/1)/(-2) - -151. Suppose u*g - 2*v = p, -4*v - 2 = 2. What is the units digit of g?
9
Let l(a) = 3*a + 22. Let n be l(0). Suppose 5*d - 2*r - 35 = -7*r, 4*r = -d + n. Suppose 0*v + d*v - 10 = 0. What is the units digit of v?
5
Let v(d) = 4*d**2 + 2*d - 7. Let g be v(-4). Let i = g + 14. What is the units digit of i?
3
Suppose 5*p - 2 = m + 1, -3*p = 4*m - 11. Let w be m/(-6) + 42/18. Suppose 3 + 23 = w*f. What is the units digit of f?
3
Let g = 141 + 16. Let t = g - 105. What is the tens digit of t?
5
Suppose 312 = l - g - 511, -5*l - 5*g = -4095. Suppose 12*i - l = -185. What is the tens digit of i?
5
Let i be 4/(-14) - 80/(-35). Suppose -4*k = j + 90 + 20, -j + i = 0. What is the tens digit of (k - -3)*(-3)/5?
1
Let p = -5 - -25. Suppose 3*j = -3 + 15. Suppose j*l + p = 6*l. What is the tens digit of l?
1
Let o = 4 - 4. Suppose -6 = r - o. What is the units digit of (-196)/(-11) + r/(-33)?
8
Let k = 86 + -88. What is the units digit of (3/k)/(15/(-760))?
6
Suppose 0 = -2*m + 8*m + 54. What is the units digit of (5 - -4)/(m/(-42))?
2
Let s be (-3154)/(-6) - (-12)/(-18). Suppose 4*d - s = a - 6*a, 3*a + 387 = 3*d. What is the tens digit of d?
3
Suppose 5*q = 765 - 15. Let j = q + 51. What is the hundreds digit of j?
2
Suppose 2*m + 2*u - 6*u - 326 = 0, 0 = 2*m + 3*u 